2120010101222 - -2?
12120010102001
In base 6, what is -51322 + 5?
-51313
In base 2, what is -101100010001011101 + 11?
-101100010001011010
In base 6, what is -10 + -412405?
-412415
In base 13, what is 6a49 + 13?
6a5c
In base 11, what is 125 - -169a6?
17020
In base 10, what is 3103477 + 5?
3103482
In base 2, what is 11001 - 11101010110111001?
-11101010110100000
In base 2, what is 1000 + 100011100111?
100011101111
In base 7, what is 1 - -161455?
161456
In base 12, what is -2111 + -1?
-2112
In base 14, what is -3c6 - 325?
-70b
In base 13, what is 310a73 - 3?
310a70
In base 10, what is 13135 - -52?
13187
In base 6, what is 220433 + 103?
220540
In base 2, what is 10 + -1110110101010001?
-1110110101001111
In base 15, what is -126 + 37?
-de
In base 6, what is -21 - 4313115?
-4313140
In base 5, what is -2413042400 - 10?
-2413042410
In base 16, what is 87 + 5c?
e3
In base 2, what is -11101011101000 - -1101?
-11101011011011
In base 4, what is 230 + 22121?
23011
In base 15, what is e561 + -14?
e54c
In base 3, what is -1 + -201011?
-201012
In base 16, what is -8e - -13e3?
1355
In base 9, what is -755 - -551?
-204
In base 14, what is 53 - -35a?
3ad
In base 2, what is -110 + 1100001100111?
1100001100001
In base 12, what is 6 - 703?
-6b9
In base 10, what is 5 + 245054?
245059
In base 4, what is -200203 + -30?
-200233
In base 5, what is -3 + -111244?
-111302
In base 3, what is -1 - -120101011?
120101010
In base 7, what is 12 + -30433?
-30421
In base 9, what is 187765 + 23?
187788
In base 9, what is -15728 + 26?
-15702
In base 16, what is 1f - -9d3a?
9d59
In base 13, what is 51c - -a2?
5c1
In base 3, what is 1200 - 1122020201?
-1122012001
In base 5, what is -20312 + -24333?
-100200
In base 15, what is -7162 + 3?
-715e
In base 4, what is 3222003 - -300?
3222303
In base 9, what is 88623 - 4?
88618
In base 13, what is 14914 + 1?
14915
In base 14, what is 12 - -28760?
28772
In base 10, what is -290 - -460?
170
In base 3, what is -101 - 100201211?
-100202012
In base 7, what is -50404 + 5?
-50366
In base 3, what is -100221 + 200002?
22011
In base 15, what is -41 + 52d?
4dc
In base 3, what is -101 + -10010011202?
-10010012010
In base 6, what is 1 + 1503225?
1503230
In base 5, what is 4 + 1333021?
1333030
In base 6, what is 2 + 1330430?
1330432
In base 11, what is -15 + a73?
a59
In base 15, what is 4 + -3195?
-3191
In base 9, what is -1853818 + 3?
-1853815
In base 9, what is -1 + -543?
-544
In base 14, what is 18697 + 4?
1869b
In base 13, what is 21 + -2911?
-28c0
In base 5, what is -2 + -331044?
-331101
In base 16, what is 4 + -72b85?
-72b81
In base 3, what is -101 - -1000102201?
1000102100
In base 3, what is -1211221 + 112210?
-1022011
In base 15, what is -8510 - 3?
-8513
In base 15, what is 568 - 1454?
-ddb
In base 7, what is 165054 - 4?
165050
In base 7, what is -20102 - 50?
-20152
In base 7, what is -260 + 3331?
3041
In base 14, what is 28d7d - 3?
28d7a
In base 12, what is 171a0 - 38?
17164
In base 10, what is 1 - -6913?
6914
In base 7, what is -351350 - 5?
-351355
In base 3, what is -12 + -12102102?
-12102121
In base 16, what is -13e + fb3?
e75
In base 6, what is -5 - -154024?
154015
In base 16, what is 78305 - 4?
78301
In base 9, what is 2 + 322863?
322865
In base 3, what is 20111 - 202110?
-111222
In base 14, what is 27011 - -5?
27016
In base 10, what is -205 + 533?
328
In base 8, what is -23 - -3635?
3612
In base 4, what is 1103322 + -31?
1103231
In base 5, what is -22 - -2102131?
2102104
In base 5, what is -10 + -2404430?
-2404440
In base 6, what is 1 + -1501435?
-1501434
In base 11, what is 1 - 758497?
-758496
In base 15, what is -1145 - 93?
-11d8
In base 9, what is -15488 - -6?
-15482
In base 9, what is -3 + 58755?
58752
In base 7, what is 1463 + -652?
511
In base 7, what is -4245161 - 1?
-4245162
In base 6, what is -23334 - 1513?
-25251
In base 15, what is -3251a2 - -4?
-32519d
In base 10, what is -1004 + 45?
-959
In base 3, what is -20112 + 1101211?
1011022
In base 7, what is 33616 + 3?
33622
In base 6, what is -3 - 11020235?
-11020242
In base 8, what is -46 - 3320?
-3366
In base 2, what is 101000 + -1111101011?
-1111000011
In base 4, what is -22 + -31222231?
-31222313
In base 10, what is 1592 - 137?
1455
In base 16, what is 42a6 - -2f?
42d5
In base 6, what is -131 + 13443?
13312
In base 10, what is -168 + 363?
195
In base 9, what is -53646 + -1?
-53647
In base 14, what is 10c6c + 5?
10c73
In base 2, what is 1 + 11001010000000?
11001010000001
In base 6, what is 315 - -114402?
115121
In base 4, what is 12 - -2213223?
2213301
In base 7, what is 30 - 343?
-313
In base 14, what is -40 - 283?
-2c3
In base 12, what is 1409a - b?
1408b
In base 2, what is 10100 - -101010000010?
101010010110
In base 4, what is 1012123 + -21?
1012102
In base 15, what is -6c7b + -2?
-6c7d
In base 8, what is -16 + -5622?
-5640
In base 3, what is -2102002 - 1122?
-2110201
In base 3, what is -11012100 - -12?
-11012011
In base 14, what is -35 + 165?
130
In base 4, what is -2 - -230311032?
230311030
In base 3, what is 10 - 100100211212?
-100100211202
In base 9, what is 6032 + 215?
6247
In base 15, what is 1 - 285?
-284
In base 8, what is 22665 + -67?
22576
In base 13, what is -19294 + -4?
-19298
In base 16, what is -4ea6c9 - -1?
-4ea6c8
In base 7, what is -15616 + -5?
-15624
In base 3, what is 2102 + -22101002?
-22021200
In base 10, what is 57 + 802?
859
In base 6, what is 23453 + 42?
23535
In base 13, what is 6a + -362?
-2c5
In base 8, what is 73 - 1434?
-1341
In base 9, what is -11257 - -213?
-11044
In base 6, what is -13 - -503350?
503333
In base 11, what is 0 - -3748a?
3748a
In base 15, what is 3 - 5169?
-5166
In base 4, what is 1 - -2002001233?
2002001300
In base 15, what is -42 - -1e52?
1e10
In base 4, what is 11 - -103332?
110003
In base 7, what is 1124 + -35?
1056
In base 10, what is 12923 + 8?
12931
In base 14, what is 19 - 669d?
-6684
In base 8, what is -237 + 604?
345
In base 10, what is 107408 + -42?
107366
In base 5, what is -21 - -20112?
20041
In base 6, what is 5 + -133542?
-133533
In base 14, what is dad - -4?
db3
In base 2, what is -11101000011 + 101010010001?
1101001110
In base 11, what is -43 + 20808?
20775
In base 4, what is 102033213113 + 2?
102033213121
In base 10, what is 657 + -5?
652
In base 5, what is 2432 + 4?
2441
In base 14, what is -68 + -660?
-6c8
In base 11, what is 9 + -2111?
-2103
In base 13, what is 3 + -1c40?
-1c3a
In base 3, what is 1211112 - 1102111?
102001
In base 10, what is -412 + 1483?
1071
In base 10, what is 4 - 132603?
-132599
In base 12, what is 0 + 45ba32?
45ba32
In base 7, what is -6 - 24145?
-24154
In base 14, what is 4 - -89470?
89474
In base 5, what is 102303431 + 10?
102303441
In base 8, what is -247 + 106?
-141
In base 3, what is 1220 + -20111010?
-20102020
In base 8, what is 1113340 + -1?
1113337
In base 14, what is 7 + -2656?
-264d
In base 2, what is 11001 - -11011011110?
11011110111
In base 8, what is -5 - 40116?
-40123
In base 14, what is -230 + 6d1?
4a1
In base 12, what is 2 - 10207?
-10205
In base 12, what is -5 - 9638?
-9641
In base 15, what is ce9b + -2b?
ce70
In base 16, what is 656 - bd?
599
In base 14, what is -7794 + -d?
-77a3
In base 16, what is a882 + 4?
a886
In base 11, what is -33 + -1814?
-1847
In base 7, what is 12401414 - 3?
12401411
In base 9, what is 73186 - -13?
73210
In base 11, what is 486 - 6?
480
In base 5, what is -21210304 + -20?
-21210324
In base 13, what is -135 - -3163?
302b
In base 5, what is 303341 - 3?
303333
In base 5, what is -1242 + -311?
-2103
In base 3, what is -10 - 10121010202?
-10121010212
In base 8, what is 24423 + -4?
24417
In base 10, what is 31 + -101?
-70
In base 7, what is -221562 + 2?
-221560
In base 8, what is 2013 - 147?
1644
In base 11, what is 60a695 - -7?
60a6a1
In base 8, what is 16362 + -133?
16227
In base 16, what is -4c3f - 7?
-4c46
In base 7, what is 22365 + -4?
22361
In base 4, what is 22 - 2021231?
-2021203
In base 5, what is 20 + 113421?
113441
In base 10, what is -14242 - -16?
-14226
In base 11, what is 2 - 46637?
-46635
In base 14, what is -16 - -3?
-13
In base 4, what is 312 + 21302?
22220
In base 12, what is -1a6977 + -1?
-1a6978
In base 4, what is 3101001 + 201?
3101202
In base 12, what is -45a - 39?
-497
In base 12, what is -437 - 9a?
-515
In base 9, what is 4 + -